 remainder when 119 is divided by 115?
4
What is the remainder when 547 is divided by 3?
1
Calculate the remainder when 184 is divided by 47.
43
Calculate the remainder when 432 is divided by 110.
102
Calculate the remainder when 269 is divided by 17.
14
What is the remainder when 4885 is divided by 9?
7
What is the remainder when 534 is divided by 209?
116
What is the remainder when 115 is divided by 79?
36
What is the remainder when 6790 is divided by 12?
10
What is the remainder when 278 is divided by 150?
128
Calculate the remainder when 495 is divided by 31.
30
Calculate the remainder when 16 is divided by 15.
1
What is the remainder when 175 is divided by 40?
15
Calculate the remainder when 42 is divided by 20.
2
Calculate the remainder when 40 is divided by 8.
0
Calculate the remainder when 463 is divided by 86.
33
Calculate the remainder when 680 is divided by 161.
36
What is the remainder when 729 is divided by 48?
9
Calculate the remainder when 1543 is divided by 511.
10
What is the remainder when 124 is divided by 42?
40
Calculate the remainder when 4248 is divided by 112.
104
Calculate the remainder when 62 is divided by 7.
6
Calculate the remainder when 2758 is divided by 120.
118
What is the remainder when 621 is divided by 21?
12
Calculate the remainder when 831 is divided by 409.
13
What is the remainder when 862 is divided by 313?
236
Calculate the remainder when 90 is divided by 7.
6
Calculate the remainder when 90 is divided by 55.
35
What is the remainder when 129 is divided by 34?
27
Calculate the remainder when 283 is divided by 22.
19
Calculate the remainder when 135 is divided by 68.
67
What is the remainder when 645 is divided by 202?
39
What is the remainder when 279 is divided by 70?
69
Calculate the remainder when 664 is divided by 24.
16
Calculate the remainder when 30 is divided by 29.
1
What is the remainder when 446 is divided by 44?
6
Calculate the remainder when 3537 is divided by 393.
0
What is the remainder when 1389 is divided by 690?
9
Calculate the remainder when 3781 is divided by 62.
61
What is the remainder when 1825 is divided by 29?
27
What is the remainder when 1948 is divided by 7?
2
Calculate the remainder when 708 is divided by 174.
12
What is the remainder when 2090 is divided by 693?
11
Calculate the remainder when 603 is divided by 16.
11
What is the remainder when 16234 is divided by 132?
130
What is the remainder when 1023 is divided by 21?
15
Calculate the remainder when 128 is divided by 11.
7
Calculate the remainder when 286 is divided by 29.
25
What is the remainder when 121 is divided by 28?
9
What is the remainder when 399 is divided by 25?
24
What is the remainder when 84 is divided by 29?
26
What is the remainder when 21777 is divided by 90?
87
What is the remainder when 160 is divided by 3?
1
What is the remainder when 7605 is divided by 107?
8
Calculate the remainder when 135 is divided by 36.
27
Calculate the remainder when 45 is divided by 23.
22
Calculate the remainder when 87 is divided by 15.
12
Calculate the remainder when 198 is divided by 187.
11
Calculate the remainder when 8967 is divided by 115.
112
Calculate the remainder when 168 is divided by 110.
58
What is the remainder when 101 is divided by 39?
23
What is the remainder when 269 is divided by 41?
23
What is the remainder when 95 is divided by 24?
23
Calculate the remainder when 324 is divided by 109.
106
What is the remainder when 72 is divided by 26?
20
Calculate the remainder when 1194 is divided by 13.
11
Calculate the remainder when 585 is divided by 215.
155
What is the remainder when 1374 is divided by 273?
9
What is the remainder when 8696 is divided by 100?
96
What is the remainder when 110 is divided by 55?
0
Calculate the remainder when 13981 is divided by 74.
69
What is the remainder when 2474 is divided by 29?
9
Calculate the remainder when 202 is divided by 34.
32
What is the remainder when 250 is divided by 83?
1
What is the remainder when 504 is divided by 244?
16
Calculate the remainder when 38 is divided by 15.
8
What is the remainder when 150 is divided by 17?
14
What is the remainder when 4209 is divided by 156?
153
What is the remainder when 116 is divided by 46?
24
Calculate the remainder when 634 is divided by 49.
46
Calculate the remainder when 299 is divided by 96.
11
Calculate the remainder when 39 is divided by 12.
3
Calculate the remainder when 426 is divided by 86.
82
What is the remainder when 53 is divided by 4?
1
What is the remainder when 294 is divided by 61?
50
Calculate the remainder when 97 is divided by 34.
29
Calculate the remainder when 340 is divided by 86.
82
Calculate the remainder when 231 is divided by 9.
6
What is the remainder when 92 is divided by 29?
5
What is the remainder when 437 is divided by 40?
37
What is the remainder when 165 is divided by 61?
43
What is the remainder when 3092 is divided by 19?
14
Calculate the remainder when 148 is divided by 55.
38
What is the remainder when 72 is divided by 16?
8
What is the remainder when 356 is divided by 17?
16
Calculate the remainder when 432 is divided by 23.
18
Calculate the remainder when 30 is divided by 6.
0
Calculate the remainder when 184 is divided by 24.
16
What is the remainder when 331 is divided by 169?
162
What is the remainder when 17 is divided by 7?
3
What is the remainder when 20 is divided by 3?
2
What is the remainder when 415 is divided by 32?
31
Calculate the remainder when 1329 is divided by 11.
9
Calculate the remainder when 417 is divided by 30.
27
Calculate the remainder when 469 is divided by 72.
37
Calculate the remainder when 11797 is divided by 69.
67
What is the remainder when 4061 is divided by 1015?
1
Calculate the remainder when 53 is divided by 28.
25
Calculate the remainder when 32 is divided by 13.
6
What is the remainder when 623 is divided by 104?
103
Calculate the remainder when 158 is divided by 27.
23
What is the remainder when 4568 is divided by 69?
14
What is the remainder when 2964 is divided by 93?
81
Calculate the remainder when 1647 is divided by 97.
95
What is the remainder when 133 is divided by 114?
19
What is the remainder when 1575 is divided by 42?
21
Calculate the remainder when 1325 is divided by 78.
77
What is the remainder when 236 is divided by 16?
12
Calculate the remainder when 16424 is divided by 111.
107
What is the remainder when 33 is divided by 17?
16
What is the remainder when 89 is divided by 14?
5
Calculate the remainder when 549 is divided by 60.
9
What is the remainder when 5008 is divided by 76?
68
Calculate the remainder when 268 is divided by 47.
33
Calculate the remainder when 131 is divided by 104.
27
What is the remainder when 48 is divided by 16?
0
What is the remainder when 49 is divided by 13?
10
What is the remainder when 559 is divided by 190?
179
What is the remainder when 174 is divided by 34?
4
What is the remainder when 115 is divided by 42?
31
Calculate the remainder when 581 is divided by 27.
14
Calculate the remainder when 5177 is divided by 16.
9
What is the remainder when 348 is divided by 88?
84
What is the remainder when 164 is divided by 9?
2
Calculate the remainder when 2600 is divided by 137.
134
Calculate the remainder when 16895 is divided by 119.
116
Calculate the remainder when 347 is divided by 5.
2
Calculate the remainder when 6040 is divided by 19.
17
Calculate the remainder when 481 is divided by 9.
4
What is the remainder when 1185 is divided by 33?
30
What is the remainder when 95 is divided by 32?
31
Calculate the remainder when 100 is divided by 28.
16
Calculate the remainder when 2415 is divided by 201.
3
Calculate the remainder when 257 is divided by 248.
9
Calculate the remainder when 455 is divided by 8.
7
What is the remainder when 1446 is divided by 181?
179
What is the remainder when 172 is divided by 38?
20
Calculate the remainder when 287 is divided by 91.
14
What is the remainder when 45 is divided by 21?
3
What is the remainder when 264 is divided by 35?
19
What is the remainder when 50 is divided by 44?
6
What is the remainder when 8225 is divided by 294?
287
Calculate the remainder when 2064 is divided by 15.
9
Calculate the remainder when 618 is divided by 17.
6
What is the remainder when 4654 i